424?
76
What is the remainder when 1885 is divided by 189?
184
Calculate the remainder when 218 is divided by 111.
107
Calculate the remainder when 949 is divided by 17.
14
Calculate the remainder when 551 is divided by 24.
23
What is the remainder when 1272 is divided by 15?
12
Calculate the remainder when 148 is divided by 41.
25
Calculate the remainder when 134 is divided by 17.
15
What is the remainder when 1198 is divided by 134?
126
What is the remainder when 245 is divided by 41?
40
What is the remainder when 62 is divided by 19?
5
What is the remainder when 1326 is divided by 19?
15
Calculate the remainder when 98 is divided by 75.
23
Calculate the remainder when 106 is divided by 63.
43
Calculate the remainder when 153 is divided by 49.
6
Calculate the remainder when 509 is divided by 57.
53
Calculate the remainder when 86 is divided by 15.
11
What is the remainder when 2689 is divided by 19?
10
What is the remainder when 506 is divided by 46?
0
What is the remainder when 63 is divided by 25?
13
Calculate the remainder when 142 is divided by 43.
13
Calculate the remainder when 333 is divided by 94.
51
Calculate the remainder when 303 is divided by 34.
31
What is the remainder when 110 is divided by 12?
2
What is the remainder when 39 is divided by 25?
14
Calculate the remainder when 158 is divided by 23.
20
Calculate the remainder when 851 is divided by 169.
6
What is the remainder when 2735 is divided by 18?
17
What is the remainder when 720 is divided by 113?
42
What is the remainder when 78 is divided by 24?
6
What is the remainder when 162 is divided by 50?
12
What is the remainder when 35 is divided by 9?
8
What is the remainder when 556 is divided by 145?
121
What is the remainder when 1121 is divided by 222?
11
Calculate the remainder when 384 is divided by 54.
6
What is the remainder when 155 is divided by 32?
27
What is the remainder when 6779 is divided by 12?
11
What is the remainder when 95 is divided by 27?
14
Calculate the remainder when 275 is divided by 62.
27
Calculate the remainder when 443 is divided by 89.
87
Calculate the remainder when 189 is divided by 48.
45
Calculate the remainder when 279 is divided by 266.
13
What is the remainder when 1790 is divided by 32?
30
What is the remainder when 727 is divided by 73?
70
Calculate the remainder when 1672 is divided by 607.
458
Calculate the remainder when 1604 is divided by 22.
20
What is the remainder when 158 is divided by 41?
35
Calculate the remainder when 157 is divided by 72.
13
What is the remainder when 28 is divided by 7?
0
What is the remainder when 2436 is divided by 111?
105
Calculate the remainder when 1241 is divided by 78.
71
What is the remainder when 11951 is divided by 398?
11
What is the remainder when 1998 is divided by 100?
98
Calculate the remainder when 196 is divided by 18.
16
What is the remainder when 419 is divided by 207?
5
Calculate the remainder when 1168 is divided by 167.
166
Calculate the remainder when 355 is divided by 89.
88
What is the remainder when 4838 is divided by 4827?
11
What is the remainder when 674 is divided by 27?
26
What is the remainder when 163 is divided by 55?
53
Calculate the remainder when 348 is divided by 119.
110
What is the remainder when 1997 is divided by 111?
110
What is the remainder when 1267 is divided by 201?
61
What is the remainder when 683 is divided by 160?
43
What is the remainder when 207 is divided by 24?
15
What is the remainder when 53 is divided by 24?
5
Calculate the remainder when 388 is divided by 78.
76
What is the remainder when 96 is divided by 52?
44
What is the remainder when 861 is divided by 6?
3
Calculate the remainder when 241 is divided by 27.
25
Calculate the remainder when 3102 is divided by 441.
15
Calculate the remainder when 398 is divided by 67.
63
What is the remainder when 603 is divided by 149?
7
What is the remainder when 397 is divided by 192?
13
Calculate the remainder when 47 is divided by 24.
23
Calculate the remainder when 928 is divided by 230.
8
What is the remainder when 9550 is divided by 4773?
4
What is the remainder when 16173 is divided by 16?
13
Calculate the remainder when 3309 is divided by 69.
66
What is the remainder when 191 is divided by 92?
7
What is the remainder when 173 is divided by 14?
5
What is the remainder when 113 is divided by 25?
13
What is the remainder when 597 is divided by 153?
138
Calculate the remainder when 7170 is divided by 326.
324
What is the remainder when 91 is divided by 32?
27
Calculate the remainder when 130 is divided by 23.
15
What is the remainder when 396 is divided by 82?
68
What is the remainder when 180 is divided by 44?
4
What is the remainder when 2014 is divided by 9?
7
What is the remainder when 565 is divided by 27?
25
What is the remainder when 28 is divided by 26?
2
What is the remainder when 259 is divided by 53?
47
Calculate the remainder when 145 is divided by 4.
1
What is the remainder when 238 is divided by 62?
52
What is the remainder when 240 is divided by 29?
8
What is the remainder when 841 is divided by 57?
43
What is the remainder when 5372 is divided by 47?
14
Calculate the remainder when 60 is divided by 16.
12
What is the remainder when 761 is divided by 377?
7
What is the remainder when 6614 is divided by 25?
14
What is the remainder when 744 is divided by 40?
24
Calculate the remainder when 2378 is divided by 61.
60
What is the remainder when 243 is divided by 240?
3
What is the remainder when 65 is divided by 12?
5
Calculate the remainder when 2858 is divided by 11.
9
What is the remainder when 1089 is divided by 91?
88
What is the remainder when 53 is divided by 12?
5
Calculate the remainder when 392 is divided by 19.
12
What is the remainder when 248 is divided by 28?
24
What is the remainder when 1049 is divided by 4?
1
Calculate the remainder when 298 is divided by 3.
1
Calculate the remainder when 430 is divided by 88.
78
Calculate the remainder when 1596 is divided by 525.
21
What is the remainder when 300 is divided by 44?
36
Calculate the remainder when 154 is divided by 12.
10
Calculate the remainder when 438 is divided by 60.
18
What is the remainder when 337 is divided by 84?
1
What is the remainder when 1151 is divided by 300?
251
What is the remainder when 120 is divided by 47?
26
What is the remainder when 16767 is divided by 39?
36
Calculate the remainder when 1466 is divided by 494.
478
Calculate the remainder when 1951 is divided by 70.
61
Calculate the remainder when 3184 is divided by 27.
25
What is the remainder when 3431 is divided by 42?
29
Calculate the remainder when 197 is divided by 11.
10
Calculate the remainder when 1757 is divided by 38.
9
Calculate the remainder when 16421 is divided by 46.
45
Calculate the remainder when 71860 is divided by 406.
404
Calculate the remainder when 375 is divided by 7.
4
What is the remainder when 818 is divided by 63?
62
Calculate the remainder when 3772 is divided by 37.
35
What is the remainder when 85 is divided by 43?
42
What is the remainder when 1998 is divided by 403?
386
Calculate the remainder when 630 is divided by 45.
0
What is the remainder when 154 is divided by 28?
14
Calculate the remainder when 218 is divided by 44.
42
Calculate the remainder when 184 is divided by 51.
31
What is the remainder when 465 is divided by 117?
114
What is the remainder when 77 is divided by 16?
13
What is the remainder when 90 is divided by 47?
43
Calculate the remainder when 156 is divided by 80.
76
Calculate the remainder when 147 is divided by 37.
36
What is the remainder when 334 is divided by 5?
4
Calculate the remainder when 304 is divided by 18.
16
What is the remainder when 139 is divided by 73?
66
What is the remainder when 757 is divided by 11?
9
What is the remainder when 3587 is divided by 13?
12
Calculate the remainder when 32 is divided by 15.
2
Calculate the remainder when 666 is divided by 23.
22
What is the remainder when 151 is divided by 49?
4
Calculate the remainder when 217 is divided by 75.
67
What is the remainder when 15 is divided by 10?
5
Calculate the remainder when 61 is divided by 16.
13
What is the remainder when 1371 is divided by 66?
51
What is the remainder when 2000 is divided by 12?
8
Calculate the 